6110?
10
What is the highest common factor of 150 and 48465150?
150
What is the greatest common divisor of 432304985 and 3787?
3787
What is the greatest common divisor of 1999913 and 2295506?
2663
Calculate the greatest common divisor of 1428 and 717161592.
1428
What is the highest common divisor of 1386 and 205417674?
1386
Calculate the greatest common factor of 1003824 and 2907.
9
What is the greatest common factor of 22 and 3716537?
11
What is the highest common factor of 135 and 1031090?
5
Calculate the greatest common divisor of 26962943 and 11746.
5873
What is the highest common divisor of 4293 and 18400752?
477
What is the highest common factor of 697585635 and 540?
135
What is the highest common divisor of 806 and 3060754?
62
What is the highest common factor of 9598455 and 765?
765
Calculate the greatest common divisor of 73918608 and 48.
48
What is the greatest common divisor of 478818 and 17388?
54
What is the highest common factor of 609343 and 2912?
7
Calculate the highest common divisor of 10316735 and 130.
65
What is the highest common divisor of 2854800 and 920?
40
Calculate the greatest common factor of 342 and 650199.
57
What is the greatest common factor of 44792 and 87584648?
4072
What is the greatest common divisor of 1734168 and 513?
57
Calculate the greatest common factor of 419 and 42181149.
419
What is the highest common factor of 1352 and 168493?
169
Calculate the greatest common factor of 555505488 and 432.
144
What is the highest common divisor of 222577 and 37938707?
3049
Calculate the greatest common factor of 5390 and 122782.
22
Calculate the greatest common divisor of 58580 and 13560260.
2020
What is the greatest common divisor of 9289 and 265478293?
1327
What is the highest common factor of 11718 and 114084?
18
What is the greatest common divisor of 223616 and 1926941?
1747
What is the highest common divisor of 227249265 and 1230?
615
Calculate the highest common divisor of 7858615 and 14615.
185
Calculate the greatest common divisor of 80251404 and 12.
12
What is the greatest common factor of 17 and 16158143?
17
What is the highest common divisor of 156028213 and 44?
11
What is the greatest common divisor of 242 and 76404790?
22
What is the greatest common factor of 100228852 and 3217?
3217
Calculate the highest common factor of 2111965604 and 56.
28
Calculate the highest common divisor of 66 and 3499133.
11
Calculate the greatest common factor of 7832097 and 189.
63
Calculate the greatest common divisor of 409040 and 7360.
80
Calculate the highest common factor of 1221 and 19002978.
111
What is the greatest common factor of 619718600 and 1528?
1528
What is the highest common divisor of 4957140 and 10?
10
What is the greatest common divisor of 213810828 and 894?
894
What is the highest common factor of 30028 and 3076?
4
Calculate the greatest common factor of 144 and 1101492.
36
What is the highest common divisor of 9737713 and 12951?
1439
Calculate the highest common factor of 6486 and 33350.
46
Calculate the greatest common divisor of 725 and 1817841800.
725
Calculate the greatest common divisor of 14454350 and 6670.
230
Calculate the greatest common factor of 128915498 and 232.
58
What is the highest common factor of 16366 and 187229?
49
Calculate the highest common factor of 249135821 and 7964.
1991
Calculate the highest common factor of 1590867 and 3.
3
Calculate the highest common divisor of 239616 and 14279616.
7488
Calculate the greatest common divisor of 60201388 and 53924.
3172
What is the greatest common factor of 10400016 and 528?
528
Calculate the highest common factor of 3790756 and 1163560.
6124
Calculate the highest common factor of 883291 and 71269.
19
What is the highest common factor of 15633 and 337689?
81
Calculate the greatest common divisor of 112100 and 37288.
236
What is the greatest common divisor of 135 and 21031785?
135
Calculate the greatest common factor of 174 and 60463144.
58
Calculate the greatest common factor of 179 and 702055900.
179
What is the greatest common divisor of 2187 and 901503?
27
What is the greatest common factor of 1573971 and 29856?
933
What is the greatest common divisor of 5738 and 319656?
38
Calculate the highest common factor of 92 and 163180.
4
What is the greatest common divisor of 628280 and 18790?
10
What is the greatest common divisor of 28748596 and 258?
86
What is the greatest common factor of 121 and 74267303?
11
Calculate the greatest common divisor of 30302376 and 34476.
2028
What is the highest common factor of 315150 and 1320?
330
What is the greatest common factor of 16945696 and 50862?
346
What is the highest common divisor of 4046930 and 30?
10
Calculate the highest common factor of 20996 and 1030252.
724
Calculate the greatest common divisor of 896058 and 36.
18
What is the greatest common divisor of 2388 and 1242569532?
2388
Calculate the highest common divisor of 27736046 and 10712.
2678
Calculate the greatest common factor of 1116 and 6657930.
18
Calculate the highest common divisor of 3381 and 4388055.
483
Calculate the greatest common divisor of 87 and 68265826.
29
Calculate the greatest common factor of 8217902 and 3784.
946
Calculate the highest common divisor of 6668311 and 5031.
559
What is the highest common factor of 153450 and 33914?
62
Calculate the greatest common factor of 7590 and 1266.
6
What is the highest common divisor of 80 and 24966670?
10
Calculate the greatest common divisor of 294152218 and 1402.
1402
Calculate the greatest common divisor of 413034822 and 54.
54
What is the highest common divisor of 14832 and 85712?
16
What is the greatest common factor of 8687558 and 7744?
242
What is the greatest common divisor of 82400398 and 828?
46
What is the highest common factor of 7797988 and 155?
31
Calculate the highest common factor of 158858 and 5299.
7
Calculate the greatest common factor of 2300 and 1160910.
10
Calculate the greatest common factor of 11623430 and 18798.
6266
What is the greatest common factor of 5305 and 1090888370?
5305
Calculate the highest common factor of 4114 and 1036014.
34
Calculate the greatest common divisor of 138216 and 3198.
78
Calculate the greatest common factor of 68 and 10943972.
4
What is the greatest common factor of 6592 and 23294686?
206
Calculate the greatest common divisor of 3147 and 105572409.
3147
Calculate the highest common factor of 7 and 2050454126.
7
Calculate the highest common factor of 39611485 and 95.
95
What is the highest common factor of 704 and 6246284?
44
What is the highest common divisor of 1021195 and 21679?
1141
What is the greatest common divisor of 1176 and 296597?
49
Calculate the highest common divisor of 524 and 272377034.
262
What is the greatest common factor of 358 and 74528?
2
What is the greatest common divisor of 4425 and 10646475?
75
What is the highest common divisor of 336736 and 2788?
68
Calculate the greatest common divisor of 29853 and 80825339.
3317
Calculate the highest common divisor of 17316 and 95445324.
468
What is the highest common factor of 471878 and 64792?
178
Calculate the highest common divisor of 66 and 145434.
6
What is the highest common factor of 8738300 and 8?
4
What is the greatest common factor of 14910 and 44821590?
2130
What is the highest common divisor of 1350 and 2697075?
225
Calculate the highest common divisor of 79904996 and 2892.
964
What is the greatest common factor of 2891039 and 2900?
29
What is the highest common factor of 1102 and 1764853?
551
Calculate the highest common divisor of 4819 and 7977183.
79
Calculate the highest common divisor of 1041 and 60004281.
1041
Calculate the highest common divisor of 10342141 and 19781.
151
What is the highest common factor of 61930 and 113707?
11
Calculate the greatest common divisor of 85159669 and 7.
7
Calculate the greatest common factor of 9244 and 80614613.
2311
Calculate the greatest common factor of 544545536 and 122.
122
Calculate the highest common divisor of 529199022 and 33.
33
What is the highest common factor of 98230 and 2527030?
110
Calculate the greatest common divisor of 22 and 2348744.
2
What is the greatest common divisor of 5132730 and 130?
10
Calculate the greatest common divisor of 880 and 1449040.
80
Calculate the greatest common factor of 2